[INFO] fetching crate defs 0.1.0...
[INFO] checking defs-0.1.0 against try#72f88fc4e9458f89516a0b8b0868f3718aec5b47 for pr-74989
[INFO] extracting crate defs 0.1.0 into /workspace/builds/worker-4/source
[INFO] validating manifest of crates.io crate defs 0.1.0 on toolchain 72f88fc4e9458f89516a0b8b0868f3718aec5b47
[INFO] running `Command { std: "/workspace/cargo-home/bin/cargo" "+72f88fc4e9458f89516a0b8b0868f3718aec5b47" "read-manifest" "--manifest-path" "Cargo.toml", kill_on_drop: false }`
[INFO] started tweaking crates.io crate defs 0.1.0
[INFO] finished tweaking crates.io crate defs 0.1.0
[INFO] tweaked toml for crates.io crate defs 0.1.0 written to /workspace/builds/worker-4/source/Cargo.toml
[INFO] running `Command { std: "/workspace/cargo-home/bin/cargo" "+72f88fc4e9458f89516a0b8b0868f3718aec5b47" "generate-lockfile" "--manifest-path" "Cargo.toml" "-Zno-index-update", kill_on_drop: false }`
[INFO] running `Command { std: "/workspace/cargo-home/bin/cargo" "+72f88fc4e9458f89516a0b8b0868f3718aec5b47" "fetch" "--locked" "--manifest-path" "Cargo.toml", kill_on_drop: false }`
[INFO] [stderr]  Downloading crates ...
[INFO] [stderr]   Downloaded proc-quote-impl v0.3.2
[INFO] [stderr]   Downloaded proc-quote v0.3.2
[INFO] running `Command { std: "docker" "create" "-v" "/var/lib/crater-agent-workspace/builds/worker-4/target:/opt/rustwide/target:rw,Z" "-v" "/var/lib/crater-agent-workspace/builds/worker-4/source:/opt/rustwide/workdir:ro,Z" "-v" "/var/lib/crater-agent-workspace/cargo-home:/opt/rustwide/cargo-home:ro,Z" "-v" "/var/lib/crater-agent-workspace/rustup-home:/opt/rustwide/rustup-home:ro,Z" "-e" "SOURCE_DIR=/opt/rustwide/workdir" "-e" "CARGO_TARGET_DIR=/opt/rustwide/target" "-e" "CARGO_HOME=/opt/rustwide/cargo-home" "-e" "RUSTUP_HOME=/opt/rustwide/rustup-home" "-w" "/opt/rustwide/workdir" "-m" "1610612736" "--user" "0:0" "--network" "none" "rustops/crates-build-env@sha256:d92eaeed33fa75130ca1ee6c8a01d1ffb62bac859dfdfb3450e3e5d1c0146529" "/opt/rustwide/cargo-home/bin/cargo" "+72f88fc4e9458f89516a0b8b0868f3718aec5b47" "metadata" "--no-deps" "--format-version=1", kill_on_drop: false }`
[INFO] [stderr] WARNING: Your kernel does not support swap limit capabilities or the cgroup is not mounted. Memory limited without swap.
[INFO] [stdout] 4ef08da23c73f46ae4d465522b5fd59a78d864ee7c5e68d160d1b544a970aaa3
[INFO] running `Command { std: "docker" "start" "-a" "4ef08da23c73f46ae4d465522b5fd59a78d864ee7c5e68d160d1b544a970aaa3", kill_on_drop: false }`
[INFO] running `Command { std: "docker" "inspect" "4ef08da23c73f46ae4d465522b5fd59a78d864ee7c5e68d160d1b544a970aaa3", kill_on_drop: false }`
[INFO] running `Command { std: "docker" "rm" "-f" "4ef08da23c73f46ae4d465522b5fd59a78d864ee7c5e68d160d1b544a970aaa3", kill_on_drop: false }`
[INFO] [stdout] 4ef08da23c73f46ae4d465522b5fd59a78d864ee7c5e68d160d1b544a970aaa3
[INFO] running `Command { std: "docker" "create" "-v" "/var/lib/crater-agent-workspace/builds/worker-4/target:/opt/rustwide/target:rw,Z" "-v" "/var/lib/crater-agent-workspace/builds/worker-4/source:/opt/rustwide/workdir:ro,Z" "-v" "/var/lib/crater-agent-workspace/cargo-home:/opt/rustwide/cargo-home:ro,Z" "-v" "/var/lib/crater-agent-workspace/rustup-home:/opt/rustwide/rustup-home:ro,Z" "-e" "SOURCE_DIR=/opt/rustwide/workdir" "-e" "CARGO_TARGET_DIR=/opt/rustwide/target" "-e" "CARGO_INCREMENTAL=0" "-e" "RUST_BACKTRACE=full" "-e" "RUSTFLAGS=--cap-lints=forbid" "-e" "CARGO_HOME=/opt/rustwide/cargo-home" "-e" "RUSTUP_HOME=/opt/rustwide/rustup-home" "-w" "/opt/rustwide/workdir" "-m" "1610612736" "--user" "0:0" "--network" "none" "rustops/crates-build-env@sha256:d92eaeed33fa75130ca1ee6c8a01d1ffb62bac859dfdfb3450e3e5d1c0146529" "/opt/rustwide/cargo-home/bin/cargo" "+72f88fc4e9458f89516a0b8b0868f3718aec5b47" "check" "--frozen" "--all" "--all-targets" "--message-format=json", kill_on_drop: false }`
[INFO] [stdout] 86f991b673ced43bae25553ff2c3b5dabfe089bd270e388bff05712075218314
[INFO] [stderr] WARNING: Your kernel does not support swap limit capabilities or the cgroup is not mounted. Memory limited without swap.
[INFO] running `Command { std: "docker" "start" "-a" "86f991b673ced43bae25553ff2c3b5dabfe089bd270e388bff05712075218314", kill_on_drop: false }`
[INFO] [stderr]    Compiling libc v0.2.77
[INFO] [stderr]    Compiling proc-macro-error-attr v1.0.4
[INFO] [stderr]    Compiling proc-macro-error v1.0.4
[INFO] [stderr]     Checking proc-macro2 v1.0.21
[INFO] [stderr]    Compiling proc-quote-impl v0.3.2
[INFO] [stderr]     Checking quote v1.0.7
[INFO] [stderr]     Checking syn v1.0.40
[INFO] [stderr]     Checking getrandom v0.1.15
[INFO] [stderr]     Checking rand_core v0.5.1
[INFO] [stderr]     Checking rand_chacha v0.2.2
[INFO] [stderr]     Checking rand v0.7.3
[INFO] [stderr]     Checking proc-quote v0.3.2
[INFO] [stderr]     Checking defs v0.1.0 (/opt/rustwide/workdir)
[INFO] [stdout] error[E0432]: unresolved import `proc_macro_error::proc_macro2`
[INFO] [stdout]  --> src/isel_pat.rs:3:5
[INFO] [stdout]   |
[INFO] [stdout] 3 |     proc_macro2::{Group, Ident, Span},
[INFO] [stdout]   |     ^^^^^^^^^^^ could not find `proc_macro2` in `proc_macro_error`
[INFO] [stdout] 
[INFO] [stdout] 
[INFO] [stdout] error[E0433]: failed to resolve: use of undeclared type or module `proc_macro2`
[INFO] [stdout]   --> src/isel_pat.rs:16:11
[INFO] [stdout]    |
[INFO] [stdout] 16 | type TS = proc_macro2::TokenStream;
[INFO] [stdout]    |           ^^^^^^^^^^^ use of undeclared type or module `proc_macro2`
[INFO] [stdout] 
[INFO] [stdout] 
[INFO] [stdout] warning: unused import: `*`
[INFO] [stdout]  --> src/isel_pat.rs:4:5
[INFO] [stdout]   |
[INFO] [stdout] 4 |     *,
[INFO] [stdout]   |     ^
[INFO] [stdout]   |
[INFO] [stdout]   = note: `#[warn(unused_imports)]` on by default
[INFO] [stdout] 
[INFO] [stdout] 
[INFO] [stdout] error[E0432]: unresolved import `proc_macro_error::proc_macro2`
[INFO] [stdout]  --> src/isel_pat.rs:3:5
[INFO] [stdout]   |
[INFO] [stdout] 3 |     proc_macro2::{Group, Ident, Span},
[INFO] [stdout]   |     ^^^^^^^^^^^ could not find `proc_macro2` in `proc_macro_error`
[INFO] [stdout] 
[INFO] [stdout] 
[INFO] [stdout] error[E0433]: failed to resolve: use of undeclared type or module `proc_macro2`
[INFO] [stdout]   --> src/isel_pat.rs:16:11
[INFO] [stdout]    |
[INFO] [stdout] 16 | type TS = proc_macro2::TokenStream;
[INFO] [stdout]    |           ^^^^^^^^^^^ use of undeclared type or module `proc_macro2`
[INFO] [stdout] 
[INFO] [stdout] 
[INFO] [stdout] warning: unused import: `*`
[INFO] [stdout]  --> src/isel_pat.rs:4:5
[INFO] [stdout]   |
[INFO] [stdout] 4 |     *,
[INFO] [stdout]   |     ^
[INFO] [stdout]   |
[INFO] [stdout]   = note: `#[warn(unused_imports)]` on by default
[INFO] [stdout] 
[INFO] [stdout] 
[INFO] [stdout] error: aborting due to 2 previous errors; 1 warning emitted
[INFO] [stdout] 
[INFO] [stdout] 
[INFO] [stdout] Some errors have detailed explanations: E0432, E0433.
[INFO] [stdout] 
[INFO] [stdout] For more information about an error, try `rustc --explain E0432`.
[INFO] [stdout] 
[INFO] [stderr] error: could not compile `defs`.
[INFO] [stderr] 
[INFO] [stderr] To learn more, run the command again with --verbose.
[INFO] [stderr] warning: build failed, waiting for other jobs to finish...
[INFO] [stdout] error: aborting due to 2 previous errors; 1 warning emitted
[INFO] [stdout] 
[INFO] [stdout] 
[INFO] [stdout] Some errors have detailed explanations: E0432, E0433.
[INFO] [stdout] 
[INFO] [stdout] For more information about an error, try `rustc --explain E0432`.
[INFO] [stdout] 
[INFO] [stderr] error: build failed
[INFO] running `Command { std: "docker" "inspect" "86f991b673ced43bae25553ff2c3b5dabfe089bd270e388bff05712075218314", kill_on_drop: false }`
[INFO] running `Command { std: "docker" "rm" "-f" "86f991b673ced43bae25553ff2c3b5dabfe089bd270e388bff05712075218314", kill_on_drop: false }`
[INFO] [stdout] 86f991b673ced43bae25553ff2c3b5dabfe089bd270e388bff05712075218314
